- 3*r - r = -12. Suppose -q*a + 5909 = 5*u, 7*a - 2*a - 7414 = 3*u. Is a composite?
False
Let v = 119732 + -59239. Is v a composite number?
False
Let c = -116 + 119. Suppose -i + 125 = 3*n, -n - c*i + 63 = -8*i. Is n a prime number?
True
Let s(x) = -1707*x + 17156. Is s(-61) prime?
True
Let t = -10815 + 44183. Suppose 168*n - 176*n = -t. Is n a prime number?
False
Let g(y) = 634*y + 51. Let p = 415 - 396. Is g(p) prime?
True
Let i(l) be the second derivative of l**4/6 - 7*l**3/6 + l**2/2 - 11*l. Let o be i(4). Is (o*2902/25)/(4/10) a composite number?
False
Suppose 5*p - 7*a + 4*a = 1095097, 3*a = 4*p - 876080. Is p composite?
False
Suppose -3*u - 5047 - 17027 = 3*t, 5*u + t + 36778 = 0. Let k = 22222 + u. Is k a composite number?
False
Suppose 0 = -3*r + 153 - 39. Suppose 49*u - r*u - 51073 = 0. Is u a prime number?
True
Let u = -24 - -32. Let z be u + (-45)/9 + 1*119. Suppose 5*w + 31 - z = -t, -t + 4*w = -118. Is t prime?
False
Let m = 25 - 46. Let v be (-18)/m*(-7)/(-2). Suppose 2*h + 2*l + 1205 = v*h, 2*h = 3*l + 2405. Is h a composite number?
True
Suppose 5*u - 26751 - 1839 = 0. Suppose 4*t + 2*t = u. Is t a composite number?
False
Let g = -737 - -1348. Suppose -m - 13*f + 8*f + g = 0, -f = 4. Is m prime?
True
Let j = 356 - -374. Suppose h + 5*m = j + 198, 0 = -m + 3. Let t = h - 12. Is t composite?
True
Let f = -6590 - -9121. Is f a composite number?
False
Suppose 2*t = g - 2210, 0 = -3*g + 2*g - 5*t + 2196. Is g a composite number?
True
Suppose -4*l = -2*p - 13202, -3*l - 3*p - 3293 = -4*l. Let f = l - -4487. Is f a prime number?
True
Let n = -147 + 158. Suppose 6*y = n*y - 5045. Is y a composite number?
False
Let a = 67 + -62. Suppose -c - 3 = 0, q + 2*c - a*c - 827 = 0. Let j = -441 + q. Is j prime?
False
Let y(i) = 16*i - 38. Let x be y(3). Suppose 0 = x*w - 5*w - 77455. Is w composite?
True
Let c be 2*(-15)/(-40)*4. Suppose 0*y = 2*v - 2*y - 20, -c*y = -15. Let g = 332 - v. Is g a composite number?
False
Let o be (-1 + (-1)/(-3))/((-32)/3216). Let k = 216 - o. Is k a prime number?
True
Let k = 5469 - 3788. Let q = k - 874. Is q composite?
True
Suppose 62 = 5*g - 18. Is 2409/77 + g/(-7) + 2 composite?
False
Let m(c) = -71*c**2 + 6*c + 5. Let d(q) = -q**2 + 1. Let v(x) = 2*d(x) + m(x). Let n be v(-5). Let l = -1257 - n. Is l prime?
False
Let h = 45 + -51. Let o(i) = -3*i - 12. Let t be o(h). Suppose 0 = -3*s + t, -5*s + 1981 = 3*x - 744. Is x composite?
True
Let q(y) = 30*y**2 - 2*y + 41. Let c(r) = r - 6. Let i be c(-11). Let m(u) = -90*u**2 + 7*u - 121. Let j(s) = i*q(s) - 6*m(s). Is j(6) a composite number?
False
Is (-1024806)/(-8) + -2 - ((-171)/36)/19 prime?
True
Suppose 121*q = 122*q - 4*m - 479709, 5*q + m = 2398587. Is q prime?
False
Suppose 2*p - 4*h + 614 = 0, 5*p - 2*h + 5*h = -1535. Is (3 + (1 - p))*11 + 0 prime?
False
Let i(y) = -y. Suppose 0 = -2*w - 3*w + 5. Let j(n) = 172*n - 1. Let k(r) = w*j(r) - 4*i(r). Is k(3) prime?
False
Let b = -225278 + 442389. Is b a composite number?
False
Let t = 23 + 20. Suppose t*d - 3 = 42*d. Suppose d*n + 2464 = 7*w - 3*w, 0 = n + 4. Is w composite?
False
Let x(f) = -12*f - 11. Let s(o) = -18*o - 26. Let b(m) = 2*s(m) - 5*x(m). Let p(i) = -i**3 + 8*i**2 - 6*i - 2. Let c be p(7). Is b(c) a composite number?
True
Let z(s) = s**2 + 4*s**3 - 17*s**2 - 17*s**2 + 47 - 41*s - 2*s**3 - 16*s**2. Is z(34) a composite number?
True
Is (-200)/1000 - -4*131834/5 a prime number?
True
Let x(z) = 15*z - 8. Let y be x(5). Let c = y - 70. Let b(k) = -525*k - 8. Is b(c) prime?
True
Let c(n) = 223*n - 56. Let f = -6 + 25. Is c(f) a prime number?
False
Let w = 23 + -64. Let d = w - -44. Suppose 0 = d*t - 3*g - 480, 4*g + 472 = 5*t - 325. Is t composite?
False
Let y = 6405 + -12498. Let w = y - -10124. Is w a composite number?
True
Let x = 20878 - 6698. Suppose 5*s + x = 5*z, -2*z + 4*z + s = 5681. Is z composite?
True
Suppose -4*t = -5*i - 23806, -4*t = 3*i - 2*i - 23794. Let z = t - 2870. Is z a prime number?
True
Suppose 0 = -x - 2*x + 15, x = -4*o + 5. Suppose o = 14*d - 13*d - 2. Suppose 0 = -8*s + d*s + 3246. Is s prime?
True
Let u(r) = -191*r + 24. Let c be (4/6)/(-2) - (-100)/(-6). Is u(c) a prime number?
True
Let a = -82915 + 153712. Is a a prime number?
False
Let x be (341/(-44) - -7)*-4. Let k(b) = 3*b**3 - b**2 + 1. Let s be k(1). Is 2521 + (s - x)/5 a prime number?
True
Let v be 64431/18 - 2/4. Suppose 0 = 4*j + 3 - 19. Suppose -i - v = -j*i. Is i composite?
False
Let b be 34/10 - (3 - (-18)/(-5)). Suppose k = -d - 2839, -b*k - 2*d = 3*d + 11351. Is 4/(-14) + (1 - k/7) a composite number?
True
Suppose 17*k - 125626 = -6*k. Suppose 2*s + 2*n - k = -n, 2*s - 5462 = 5*n. Is s prime?
True
Let k = -102 + 93. Let q be (-3558)/(-6) + k/(-3) + -5. Suppose 2*v - 4*l - 489 = 77, q = 2*v + l. Is v a prime number?
True
Suppose -5*w = -w. Suppose -9*f + 11*f + 2 = w. Is (-10114)/(-52)*(0 + f - -3) prime?
True
Let r be 10/(-35) - (1 + 194/7). Let x = r - -15. Let g = x - -173. Is g a composite number?
True
Let w(z) = 1258*z**2 - 1271*z + 24. Is w(-11) composite?
True
Let z(r) = r**3 + 2*r**3 - 18*r + r - 1 - 3*r**2. Suppose -2*c - 4*d = -36, -c + d = -0*d - 3. Is z(c) composite?
True
Let y = 175 + -175. Suppose 4*m - 3*l = -2*l + 7345, y = -2*m + 4*l + 3690. Is m a prime number?
False
Suppose 56*b + 73*b - 2128589 = 110*b. Is b prime?
True
Let q(t) = 9791*t + 10. Let j be q(-1). Let i = 14166 + j. Is i a prime number?
False
Suppose 21*r = 2828879 + 1674053 + 2054717. Is r prime?
True
Suppose 2*i - 336047 = -5*g, -4*g - 5*i + 330057 = 61199. Is g a composite number?
True
Let p(w) = 11887*w**2 + w - 47. Is p(11) composite?
False
Suppose 5*y = 3*b - 3993382, 2*b + 5*y = -295703 + 2957891. Is b composite?
True
Let m = -244 + 181. Is (-57)/m - 1 - (-264068)/588 prime?
True
Let w be ((-2)/(-6))/((-6 + -2)/(-264)). Suppose -2*a + 2*i + 16714 = 0, -15*a + w*a = -5*i - 33432. Is a a prime number?
True
Let t(q) = q**3 + 7*q**2 + 11*q - 1. Let u be t(-4). Suppose 0 = u*k - 5*p - 5544, -13 = p - 10. Is k a composite number?
True
Let r be (1 + 0 + 9)*-1. Let k(l) = -2*l - 20. Let g be k(r). Suppose a - 891 - 94 = g. Is a a prime number?
False
Let w = -36 - -39. Let r be 90*(w - (-42)/(-18)). Suppose g - 209 = -r. Is g prime?
True
Suppose -6414178 = -13*k + 6345543. Is k prime?
True
Let s = -11091 - -31030. Is s composite?
True
Let k(y) = -129*y**3 + 5*y**2 + 38*y + 17. Is k(-9) a prime number?
True
Let t(c) be the third derivative of c**5/60 + 13*c**4/24 - 11*c**3/6 + 4*c**2. Suppose -5*v + 12*a + 34 = 9*a, 5*v + 3*a - 16 = 0. Is t(v) composite?
False
Is (11 - 24 - 105570)*-1 composite?
True
Suppose -7*z + 2572 = -13941. Suppose 24*x = 23*x + z. Is x composite?
True
Suppose -33291 = -3*y - 4*f, 2*y + 6*f - f = 22187. Is y composite?
True
Suppose 5*j - 10 = -5*r, -5*j + 1 = 3*r - r. Suppose 0 = -r*x + 11 - 5. Suppose 0*d - x*l + 896 = 5*d, l = 5*d - 887. Is d prime?
False
Let w = 49 + -151. Let r be (-90)/12*(w - -2). Suppose 0 = -3*o + r + 471. Is o composite?
True
Let h(o) = -o**2 + 8*o - 14. Let g be h(3). Let d be (0 - 12/(-8))/(g/436). Suppose 2*u + c = -4*c + d, 0 = 2*u + 2*c - 666. Is u composite?
False
Let a = 486 - 479. Suppose -81521 = a*w - 18*w. Is w a prime number?
True
Let x(f) = -f - 23*f**2 - 3 - 513*f**2 + 3. Let z be x(1). Let w = z - -1530. Is w a prime number?
False
Let d = 1126 - 255. Is d a composite number?
True
Suppose -f + 2*n + 397 = -n, n + 1999 = 5*f. Let h(m) = -874*m + 36. Let k be h(-8). Suppose -k = -4*x - f. Is x composite?
False
Let l(p) be the third derivative of 52*p**5/15 + p**4/6 + 7*p**3/6 + 39*p**2. Suppose -h = -4*f - 11, -5*h + 3*h = f + 5. Is l(f) a composite number?
False
Suppose -78213 - 9099 = 12*g. Let d = -4235 - g. Is d prime?
True
Let s(k) = -1072*k + 53*k - 110 + 105. Is s(-2) a composite number?
True
Suppose 73*b = 58*b + 440145. Is b prime?
False
Is 40394 - (290/(-87))/((-2)/(-3)) prime?
False
Let x(g) = 3*g + 35. Let i be x(-10). Suppose -18291 = -16*m - i*m. Is m a composite number?
True
Suppose -28*o + 75953 = -67631. Suppose -10244 = -4*l - 0*h - 4*h, 2*l = -4*h + o. Is l a prime number?
False
Let f be ((-32)/(-6))/((-7)/126)*-179. Is 5/(-15) + f/9 prime?
False
Suppose -6*v = 540 - 612. Suppose -7*o + v*o - 1055 = 0. Is o a prime number?
True
Let z(u) = 9*u - 2. 